{"id":18,"date":"2020-12-09T15:29:14","date_gmt":"2020-12-09T14:29:14","guid":{"rendered":"http:\/\/paroliereveur.fr\/?page_id=18"},"modified":"2020-12-16T17:43:13","modified_gmt":"2020-12-16T16:43:13","slug":"petit-homme-qui-souhaite-tenter-sa-chance-dans-la-grande-aventure-musicale","status":"publish","type":"page","link":"https:\/\/paroliereveur.fr\/?page_id=18","title":{"rendered":"\u00c0 propos du Parolier R\u00eaveur"},"content":{"rendered":"\n<p>Un grand enfant qui aime se retrouver juste avec une feuille et un crayon pour tenter de cr\u00e9er des histoires, des tranches de vie, de parler de nous, de nos esp\u00e9rances, de nos joies, de nos blessures, de nos larmes et nos d\u00e9sillusions &#8230;<\/p>\n","protected":false},"excerpt":{"rendered":"<p>Un grand enfant qui aime se retrouver juste avec une feuille et un crayon pour tenter de cr\u00e9er des histoires, des tranches de vie, de parler de nous, de nos esp\u00e9rances, de nos joies, de nos blessures, de nos larmes et nos d\u00e9sillusions &#8230;<\/p>\n","protected":false},"author":1,"featured_media":0,"parent":0,"menu_order":0,"comment_status":"closed","ping_status":"closed","template":"","meta":{"footnotes":""},"class_list":["post-18","page","type-page","status-publish","hentry"],"_links":{"self":[{"href":"https:\/\/paroliereveur.fr\/index.php?rest_route=\/wp\/v2\/pages\/18","targetHints":{"allow":["GET"]}}],"collection":[{"href":"https:\/\/paroliereveur.fr\/index.php?rest_route=\/wp\/v2\/pages"}],"about":[{"href":"https:\/\/paroliereveur.fr\/index.php?rest_route=\/wp\/v2\/types\/page"}],"author":[{"embeddable":true,"href":"https:\/\/paroliereveur.fr\/index.php?rest_route=\/wp\/v2\/users\/1"}],"replies":[{"embeddable":true,"href":"https:\/\/paroliereveur.fr\/index.php?rest_route=%2Fwp%2Fv2%2Fcomments&post=18"}],"version-history":[{"count":3,"href":"https:\/\/paroliereveur.fr\/index.php?rest_route=\/wp\/v2\/pages\/18\/revisions"}],"predecessor-version":[{"id":75,"href":"https:\/\/paroliereveur.fr\/index.php?rest_route=\/wp\/v2\/pages\/18\/revisions\/75"}],"wp:attachment":[{"href":"https:\/\/paroliereveur.fr\/index.php?rest_route=%2Fwp%2Fv2%2Fmedia&parent=18"}],"curies":[{"name":"wp","href":"https:\/\/api.w.org\/{rel}","templated":true}]}}